{"version":"1.0","provider_name":"Muzi Berlin Immobilien &amp; Finanzdienst e.K.","provider_url":"https:\/\/www.muzi-berlin.de\/de","author_name":"Muzi Immobilien &amp; Finanzdienst e.K.","author_url":"https:\/\/www.muzi-berlin.de\/de\/author\/muzi-immobilien-finanzdienst-e-k-2-2-2-2-2-2-2-2-3\/","title":"(6189) Sch\u00f6neberg - vermietete 3 Zimmer im Winterfeldkiez - Muzi Berlin Immobilien &amp; Finanzdienst e.K.","type":"rich","width":600,"height":338,"html":"<blockquote class=\"wp-embedded-content\" data-secret=\"og8F0f6kWZ\"><a href=\"https:\/\/www.muzi-berlin.de\/de\/immobilie\/6189-schoeneberg-vermietete-3-zimmer-im-winterfeldkiez\/\">(6189) Sch\u00f6neberg &#8211; vermietete 3 Zimmer im Winterfeldkiez<\/a><\/blockquote><iframe sandbox=\"allow-scripts\" security=\"restricted\" src=\"https:\/\/www.muzi-berlin.de\/de\/immobilie\/6189-schoeneberg-vermietete-3-zimmer-im-winterfeldkiez\/embed\/#?secret=og8F0f6kWZ\" width=\"600\" height=\"338\" title=\"&#8222;(6189) Sch\u00f6neberg &#8211; vermietete 3 Zimmer im Winterfeldkiez&#8220; &#8211; Muzi Berlin Immobilien &amp; Finanzdienst e.K.\" data-secret=\"og8F0f6kWZ\" frameborder=\"0\" marginwidth=\"0\" marginheight=\"0\" scrolling=\"no\" class=\"wp-embedded-content\"><\/iframe><script type=\"text\/javascript\">\n\/* <![CDATA[ *\/\n\/*! This file is auto-generated *\/\n!function(d,l){\"use strict\";l.querySelector&&d.addEventListener&&\"undefined\"!=typeof URL&&(d.wp=d.wp||{},d.wp.receiveEmbedMessage||(d.wp.receiveEmbedMessage=function(e){var t=e.data;if((t||t.secret||t.message||t.value)&&!\/[^a-zA-Z0-9]\/.test(t.secret)){for(var s,r,n,a=l.querySelectorAll('iframe[data-secret=\"'+t.secret+'\"]'),o=l.querySelectorAll('blockquote[data-secret=\"'+t.secret+'\"]'),c=new RegExp(\"^https?:$\",\"i\"),i=0;i<o.length;i++)o[i].style.display=\"none\";for(i=0;i<a.length;i++)s=a[i],e.source===s.contentWindow&&(s.removeAttribute(\"style\"),\"height\"===t.message?(1e3<(r=parseInt(t.value,10))?r=1e3:~~r<200&&(r=200),s.height=r):\"link\"===t.message&&(r=new URL(s.getAttribute(\"src\")),n=new URL(t.value),c.test(n.protocol))&&n.host===r.host&&l.activeElement===s&&(d.top.location.href=t.value))}},d.addEventListener(\"message\",d.wp.receiveEmbedMessage,!1),l.addEventListener(\"DOMContentLoaded\",function(){for(var e,t,s=l.querySelectorAll(\"iframe.wp-embedded-content\"),r=0;r<s.length;r++)(t=(e=s[r]).getAttribute(\"data-secret\"))||(t=Math.random().toString(36).substring(2,12),e.src+=\"#?secret=\"+t,e.setAttribute(\"data-secret\",t)),e.contentWindow.postMessage({message:\"ready\",secret:t},\"*\")},!1)))}(window,document);\n\/\/# sourceURL=https:\/\/www.muzi-berlin.de\/wp-includes\/js\/wp-embed.min.js\n\/* ]]> *\/\n<\/script>\n","thumbnail_url":"https:\/\/www.muzi-berlin.de\/wp-content\/uploads\/2023\/06\/6189_1-1.jpg","thumbnail_width":2058,"thumbnail_height":1150,"description":"Objektbeschreibung: nach S\u00fcden und damit weg von der Stra\u00dfe orientiert. 2004 entstand sie aus zwei zusammengelegten Wohnungen und wurde seinerzeit kernsaniert. Das Bad wurde hochwertig ausgestattet und vergr\u00f6\u00dfert. Ein WC ist getrennt vom Badezimmer. Die B\u00f6den sind teils Fertigparkett, teils Laminat. Der originale Terrazzoboden der K\u00fcche wurde damals wieder restauriert, vom jetzigen Mieter aber mit Vinyl abgedeckt. In der Wohnung gibt es eine ger\u00e4umige ..."}

(6189) Schöneberg - vermietete 3 Zimmer im Winterfeldkiez - Muzi Berlin Immobilien &amp; Finanzdienst e.K.

<blockquote class="wp-embedded-content" data-secret="og8F0f6kWZ"><a href="https://www.muzi-berlin.de/de/immobilie/6189-schoeneberg-vermietete-3-zimmer-im-winterfeldkiez/">(6189) Schöneberg &#8211; vermietete 3 Zimmer im Winterfeldkiez</a></blockquote><iframe sandbox="allow-scripts" security="restricted" src="https://www.muzi-berlin.de/de/immobilie/6189-schoeneberg-vermietete-3-zimmer-im-winterfeldkiez/embed/#?secret=og8F0f6kWZ" width="600" height="338" title="&#8222;(6189) Schöneberg &#8211; vermietete 3 Zimmer im Winterfeldkiez&#8220; &#8211; Muzi Berlin Immobilien &amp; Finanzdienst e.K." data-secret="og8F0f6kWZ" frameborder="0" marginwidth="0" marginheight="0" scrolling="no" class="wp-embedded-content"></iframe><script type="text/javascript">
/* <![CDATA[ */
/*! This file is auto-generated */
!function(d,l){"use strict";l.querySelector&&d.addEventListener&&"undefined"!=typeof URL&&(d.wp=d.wp||{},d.wp.receiveEmbedMessage||(d.wp.receiveEmbedMessage=function(e){var t=e.data;if((t||t.secret||t.message||t.value)&&!/[^a-zA-Z0-9]/.test(t.secret)){for(var s,r,n,a=l.querySelectorAll('iframe[data-secret="'+t.secret+'"]'),o=l.querySelectorAll('blockquote[data-secret="'+t.secret+'"]'),c=new RegExp("^https?:$","i"),i=0;i<o.length;i++)o[i].style.display="none";for(i=0;i<a.length;i++)s=a[i],e.source===s.contentWindow&&(s.removeAttribute("style"),"height"===t.message?(1e3<(r=parseInt(t.value,10))?r=1e3:~~r<200&&(r=200),s.height=r):"link"===t.message&&(r=new URL(s.getAttribute("src")),n=new URL(t.value),c.test(n.protocol))&&n.host===r.host&&l.activeElement===s&&(d.top.location.href=t.value))}},d.addEventListener("message",d.wp.receiveEmbedMessage,!1),l.addEventListener("DOMContentLoaded",function(){for(var e,t,s=l.querySelectorAll("iframe.wp-embedded-content"),r=0;r<s.length;r++)(t=(e=s[r]).getAttribute("data-secret"))||(t=Math.random().toString(36).substring(2,12),e.src+="#?secret="+t,e.setAttribute("data-secret",t)),e.contentWindow.postMessage({message:"ready",secret:t},"*")},!1)))}(window,document);
//# sourceURL=https://www.muzi-berlin.de/wp-includes/js/wp-embed.min.js
/* ]]> */
</script>

Objektbeschreibung: nach Süden und damit weg von der Straße orientiert. 2004 entstand sie aus zwei zusammengelegten Wohnungen und wurde seinerzeit kernsaniert. Das Bad wurde hochwertig ausgestattet und vergrößert. Ein WC ist getrennt vom Badezimmer. Die Böden sind teils Fertigparkett, teils Laminat. Der originale Terrazzoboden der Küche wurde damals wieder restauriert, vom jetzigen Mieter aber mit Vinyl abgedeckt. In der Wohnung gibt es eine geräumige ...
