{"id":63618,"date":"2025-07-28T14:11:21","date_gmt":"2025-07-28T14:11:21","guid":{"rendered":"https:\/\/www.muzi-berlin.de\/de\/immobilie\/villa-in-alanya-kargicak-moeblierte-duplexvilla-mit-panoramablick\/"},"modified":"2025-07-29T15:06:52","modified_gmt":"2025-07-29T15:06:52","slug":"villa-in-alanya-kargicak-moeblierte-duplexvilla-mit-panoramablick","status":"publish","type":"estate_property","link":"https:\/\/www.muzi-berlin.de\/de\/immobilie\/villa-in-alanya-kargicak-moeblierte-duplexvilla-mit-panoramablick\/","title":{"rendered":"Alanya-Karg\u0131cak\/ M\u00f6blierte Duplexvilla mit Panoramablick"},"content":{"rendered":"<p>Diese voll m\u00f6blierte Duplexvilla erstreckt sich \u00fcber zwei Etagen und bietet einen 2+1 Grundriss. Sie verf\u00fcgt \u00fcber zwei moderne Badezimmer, eines davon en suite, sowie eine gro\u00dfz\u00fcgige Terrasse mit Panoramablick auf das Meer und die Burg von Alanya. Der private Pool, ein gepflegter Garten und eine eigene Stellfl\u00e4che erg\u00e4nzen das Angebot. Die Villa ist hochwertig ausgestattet, lichtdurchflutet und nach S\u00fcden ausgerichtet. Sie ist schl\u00fcsselfertig und sofort bezugsbereit.<\/p>\n","protected":false},"excerpt":{"rendered":"<p>Diese voll m\u00f6blierte Duplexvilla erstreckt sich \u00fcber zwei Etagen und bietet einen 2+1 Grundriss. Sie verf\u00fcgt \u00fcber zwei moderne Badezimmer, eines davon en suite, sowie eine gro\u00dfz\u00fcgige Terrasse mit Panoramablick auf das Meer und die Burg von Alanya. Der private Pool, ein gepflegter Garten und eine eigene Stellfl\u00e4che erg\u00e4nzen das Angebot. Die Villa ist hochwertig ausgestattet, lichtdurchflutet und nach S\u00fcden ausgerichtet. Sie ist schl\u00fcsselfertig &#8230;<\/p>\n","protected":false},"featured_media":63594,"comment_status":"open","ping_status":"closed","template":"","property_category":[441],"property_action_category":[458],"property_area":[],"property_county_state":[],"property_features":[60,39,144],"property_status":[47],"class_list":["post-63618","estate_property","type-estate_property","status-publish","has-post-thumbnail","hentry","property_category-verkauf","property_action_category-auslandsimmobilie-villa","property_features-ausgestattete-kueche","property_features-garten","property_features-kfz-stellplatz","property_status-neu"],"acf":[],"yoast_head":"<!-- This site is optimized with the Yoast SEO plugin v21.1 - https:\/\/yoast.com\/wordpress\/plugins\/seo\/ -->\n<title>Alanya-Karg\u0131cak\/ M\u00f6blierte Duplexvilla mit Panoramablick - Muzi Berlin Immobilien &amp; Finanzdienst e.K.<\/title>\n<meta name=\"robots\" content=\"index, follow, max-snippet:-1, max-image-preview:large, max-video-preview:-1\" \/>\n<link rel=\"canonical\" href=\"https:\/\/www.muzi-berlin.de\/de\/immobilie\/villa-in-alanya-kargicak-moeblierte-duplexvilla-mit-panoramablick\/\" \/>\n<meta property=\"og:locale\" content=\"de_DE\" \/>\n<meta property=\"og:type\" content=\"article\" \/>\n<meta property=\"og:title\" content=\"Alanya-Karg\u0131cak\/ M\u00f6blierte Duplexvilla mit Panoramablick - Muzi Berlin Immobilien &amp; Finanzdienst e.K.\" \/>\n<meta property=\"og:description\" content=\"Diese voll m\u00f6blierte Duplexvilla erstreckt sich \u00fcber zwei Etagen und bietet einen 2+1 Grundriss. Sie verf\u00fcgt \u00fcber zwei moderne Badezimmer, eines davon en suite, sowie eine gro\u00dfz\u00fcgige Terrasse mit Panoramablick auf das Meer und die Burg von Alanya. Der private Pool, ein gepflegter Garten und eine eigene Stellfl\u00e4che erg\u00e4nzen das Angebot. Die Villa ist hochwertig ausgestattet, lichtdurchflutet und nach S\u00fcden ausgerichtet. Sie ist schl\u00fcsselfertig ...\" \/>\n<meta property=\"og:url\" content=\"https:\/\/www.muzi-berlin.de\/de\/immobilie\/villa-in-alanya-kargicak-moeblierte-duplexvilla-mit-panoramablick\/\" \/>\n<meta property=\"og:site_name\" content=\"Muzi Berlin Immobilien &amp; Finanzdienst e.K.\" \/>\n<meta property=\"article:modified_time\" content=\"2025-07-29T15:06:52+00:00\" \/>\n<meta property=\"og:image\" content=\"https:\/\/www.muzi-berlin.de\/wp-content\/uploads\/2025\/07\/IMG-20250618-WA0045.jpg\" \/>\n\t<meta property=\"og:image:width\" content=\"1020\" \/>\n\t<meta property=\"og:image:height\" content=\"681\" \/>\n\t<meta property=\"og:image:type\" content=\"image\/jpeg\" \/>\n<meta name=\"twitter:card\" content=\"summary_large_image\" \/>\n<script type=\"application\/ld+json\" class=\"yoast-schema-graph\">{\"@context\":\"https:\/\/schema.org\",\"@graph\":[{\"@type\":\"WebPage\",\"@id\":\"https:\/\/www.muzi-berlin.de\/de\/immobilie\/villa-in-alanya-kargicak-moeblierte-duplexvilla-mit-panoramablick\/\",\"url\":\"https:\/\/www.muzi-berlin.de\/de\/immobilie\/villa-in-alanya-kargicak-moeblierte-duplexvilla-mit-panoramablick\/\",\"name\":\"Alanya-Karg\u0131cak\/ M\u00f6blierte Duplexvilla mit Panoramablick - Muzi Berlin Immobilien &amp; Finanzdienst e.K.\",\"isPartOf\":{\"@id\":\"https:\/\/www.muzi-berlin.de\/de\/#website\"},\"datePublished\":\"2025-07-28T14:11:21+00:00\",\"dateModified\":\"2025-07-29T15:06:52+00:00\",\"breadcrumb\":{\"@id\":\"https:\/\/www.muzi-berlin.de\/de\/immobilie\/villa-in-alanya-kargicak-moeblierte-duplexvilla-mit-panoramablick\/#breadcrumb\"},\"inLanguage\":\"de\",\"potentialAction\":[{\"@type\":\"ReadAction\",\"target\":[\"https:\/\/www.muzi-berlin.de\/de\/immobilie\/villa-in-alanya-kargicak-moeblierte-duplexvilla-mit-panoramablick\/\"]}]},{\"@type\":\"BreadcrumbList\",\"@id\":\"https:\/\/www.muzi-berlin.de\/de\/immobilie\/villa-in-alanya-kargicak-moeblierte-duplexvilla-mit-panoramablick\/#breadcrumb\",\"itemListElement\":[{\"@type\":\"ListItem\",\"position\":1,\"name\":\"Startseite\",\"item\":\"https:\/\/www.muzi-berlin.de\/de\/\"},{\"@type\":\"ListItem\",\"position\":2,\"name\":\"Eigenschaften\",\"item\":\"https:\/\/www.muzi-berlin.de\/de\/immobilie\/\"},{\"@type\":\"ListItem\",\"position\":3,\"name\":\"Alanya-Karg\u0131cak\/ M\u00f6blierte Duplexvilla mit Panoramablick\"}]},{\"@type\":\"WebSite\",\"@id\":\"https:\/\/www.muzi-berlin.de\/de\/#website\",\"url\":\"https:\/\/www.muzi-berlin.de\/de\/\",\"name\":\"Muzi - Berlin Immobilien & Finanzdienst e.K.\",\"description\":\"\",\"publisher\":{\"@id\":\"https:\/\/www.muzi-berlin.de\/de\/#organization\"},\"potentialAction\":[{\"@type\":\"SearchAction\",\"target\":{\"@type\":\"EntryPoint\",\"urlTemplate\":\"https:\/\/www.muzi-berlin.de\/de\/?s={search_term_string}\"},\"query-input\":\"required name=search_term_string\"}],\"inLanguage\":\"de\"},{\"@type\":\"Organization\",\"@id\":\"https:\/\/www.muzi-berlin.de\/de\/#organization\",\"name\":\"Muzi - Berlin Immobilien & Finanzdienst e.K.\",\"url\":\"https:\/\/www.muzi-berlin.de\/de\/\",\"logo\":{\"@type\":\"ImageObject\",\"inLanguage\":\"de\",\"@id\":\"https:\/\/www.muzi-berlin.de\/de\/#\/schema\/logo\/image\/\",\"url\":\"https:\/\/www.muzi-berlin.de\/wp-content\/uploads\/2023\/08\/465MBuberarbeitet-1-scaled.jpg\",\"contentUrl\":\"https:\/\/www.muzi-berlin.de\/wp-content\/uploads\/2023\/08\/465MBuberarbeitet-1-scaled.jpg\",\"width\":2560,\"height\":792,\"caption\":\"Muzi - Berlin Immobilien & Finanzdienst e.K.\"},\"image\":{\"@id\":\"https:\/\/www.muzi-berlin.de\/de\/#\/schema\/logo\/image\/\"}}]}<\/script>\n<!-- \/ Yoast SEO plugin. -->","yoast_head_json":{"title":"Alanya-Karg\u0131cak\/ M\u00f6blierte Duplexvilla mit Panoramablick - Muzi Berlin Immobilien &amp; Finanzdienst e.K.","robots":{"index":"index","follow":"follow","max-snippet":"max-snippet:-1","max-image-preview":"max-image-preview:large","max-video-preview":"max-video-preview:-1"},"canonical":"https:\/\/www.muzi-berlin.de\/de\/immobilie\/villa-in-alanya-kargicak-moeblierte-duplexvilla-mit-panoramablick\/","og_locale":"de_DE","og_type":"article","og_title":"Alanya-Karg\u0131cak\/ M\u00f6blierte Duplexvilla mit Panoramablick - Muzi Berlin Immobilien &amp; Finanzdienst e.K.","og_description":"Diese voll m\u00f6blierte Duplexvilla erstreckt sich \u00fcber zwei Etagen und bietet einen 2+1 Grundriss. Sie verf\u00fcgt \u00fcber zwei moderne Badezimmer, eines davon en suite, sowie eine gro\u00dfz\u00fcgige Terrasse mit Panoramablick auf das Meer und die Burg von Alanya. Der private Pool, ein gepflegter Garten und eine eigene Stellfl\u00e4che erg\u00e4nzen das Angebot. Die Villa ist hochwertig ausgestattet, lichtdurchflutet und nach S\u00fcden ausgerichtet. Sie ist schl\u00fcsselfertig ...","og_url":"https:\/\/www.muzi-berlin.de\/de\/immobilie\/villa-in-alanya-kargicak-moeblierte-duplexvilla-mit-panoramablick\/","og_site_name":"Muzi Berlin Immobilien &amp; Finanzdienst e.K.","article_modified_time":"2025-07-29T15:06:52+00:00","og_image":[{"width":1020,"height":681,"url":"https:\/\/www.muzi-berlin.de\/wp-content\/uploads\/2025\/07\/IMG-20250618-WA0045.jpg","type":"image\/jpeg"}],"twitter_card":"summary_large_image","schema":{"@context":"https:\/\/schema.org","@graph":[{"@type":"WebPage","@id":"https:\/\/www.muzi-berlin.de\/de\/immobilie\/villa-in-alanya-kargicak-moeblierte-duplexvilla-mit-panoramablick\/","url":"https:\/\/www.muzi-berlin.de\/de\/immobilie\/villa-in-alanya-kargicak-moeblierte-duplexvilla-mit-panoramablick\/","name":"Alanya-Karg\u0131cak\/ M\u00f6blierte Duplexvilla mit Panoramablick - Muzi Berlin Immobilien &amp; Finanzdienst e.K.","isPartOf":{"@id":"https:\/\/www.muzi-berlin.de\/de\/#website"},"datePublished":"2025-07-28T14:11:21+00:00","dateModified":"2025-07-29T15:06:52+00:00","breadcrumb":{"@id":"https:\/\/www.muzi-berlin.de\/de\/immobilie\/villa-in-alanya-kargicak-moeblierte-duplexvilla-mit-panoramablick\/#breadcrumb"},"inLanguage":"de","potentialAction":[{"@type":"ReadAction","target":["https:\/\/www.muzi-berlin.de\/de\/immobilie\/villa-in-alanya-kargicak-moeblierte-duplexvilla-mit-panoramablick\/"]}]},{"@type":"BreadcrumbList","@id":"https:\/\/www.muzi-berlin.de\/de\/immobilie\/villa-in-alanya-kargicak-moeblierte-duplexvilla-mit-panoramablick\/#breadcrumb","itemListElement":[{"@type":"ListItem","position":1,"name":"Startseite","item":"https:\/\/www.muzi-berlin.de\/de\/"},{"@type":"ListItem","position":2,"name":"Eigenschaften","item":"https:\/\/www.muzi-berlin.de\/de\/immobilie\/"},{"@type":"ListItem","position":3,"name":"Alanya-Karg\u0131cak\/ M\u00f6blierte Duplexvilla mit Panoramablick"}]},{"@type":"WebSite","@id":"https:\/\/www.muzi-berlin.de\/de\/#website","url":"https:\/\/www.muzi-berlin.de\/de\/","name":"Muzi - Berlin Immobilien & Finanzdienst e.K.","description":"","publisher":{"@id":"https:\/\/www.muzi-berlin.de\/de\/#organization"},"potentialAction":[{"@type":"SearchAction","target":{"@type":"EntryPoint","urlTemplate":"https:\/\/www.muzi-berlin.de\/de\/?s={search_term_string}"},"query-input":"required name=search_term_string"}],"inLanguage":"de"},{"@type":"Organization","@id":"https:\/\/www.muzi-berlin.de\/de\/#organization","name":"Muzi - Berlin Immobilien & Finanzdienst e.K.","url":"https:\/\/www.muzi-berlin.de\/de\/","logo":{"@type":"ImageObject","inLanguage":"de","@id":"https:\/\/www.muzi-berlin.de\/de\/#\/schema\/logo\/image\/","url":"https:\/\/www.muzi-berlin.de\/wp-content\/uploads\/2023\/08\/465MBuberarbeitet-1-scaled.jpg","contentUrl":"https:\/\/www.muzi-berlin.de\/wp-content\/uploads\/2023\/08\/465MBuberarbeitet-1-scaled.jpg","width":2560,"height":792,"caption":"Muzi - Berlin Immobilien & Finanzdienst e.K."},"image":{"@id":"https:\/\/www.muzi-berlin.de\/de\/#\/schema\/logo\/image\/"}}]}},"_links":{"self":[{"href":"https:\/\/www.muzi-berlin.de\/de\/wp-json\/wp\/v2\/estate_property\/63618","targetHints":{"allow":["GET"]}}],"collection":[{"href":"https:\/\/www.muzi-berlin.de\/de\/wp-json\/wp\/v2\/estate_property"}],"about":[{"href":"https:\/\/www.muzi-berlin.de\/de\/wp-json\/wp\/v2\/types\/estate_property"}],"replies":[{"embeddable":true,"href":"https:\/\/www.muzi-berlin.de\/de\/wp-json\/wp\/v2\/comments?post=63618"}],"version-history":[{"count":2,"href":"https:\/\/www.muzi-berlin.de\/de\/wp-json\/wp\/v2\/estate_property\/63618\/revisions"}],"predecessor-version":[{"id":63908,"href":"https:\/\/www.muzi-berlin.de\/de\/wp-json\/wp\/v2\/estate_property\/63618\/revisions\/63908"}],"wp:featuredmedia":[{"embeddable":true,"href":"https:\/\/www.muzi-berlin.de\/de\/wp-json\/wp\/v2\/media\/63594"}],"wp:attachment":[{"href":"https:\/\/www.muzi-berlin.de\/de\/wp-json\/wp\/v2\/media?parent=63618"}],"wp:term":[{"taxonomy":"property_category","embeddable":true,"href":"https:\/\/www.muzi-berlin.de\/de\/wp-json\/wp\/v2\/property_category?post=63618"},{"taxonomy":"property_action_category","embeddable":true,"href":"https:\/\/www.muzi-berlin.de\/de\/wp-json\/wp\/v2\/property_action_category?post=63618"},{"taxonomy":"property_area","embeddable":true,"href":"https:\/\/www.muzi-berlin.de\/de\/wp-json\/wp\/v2\/property_area?post=63618"},{"taxonomy":"property_county_state","embeddable":true,"href":"https:\/\/www.muzi-berlin.de\/de\/wp-json\/wp\/v2\/property_county_state?post=63618"},{"taxonomy":"property_features","embeddable":true,"href":"https:\/\/www.muzi-berlin.de\/de\/wp-json\/wp\/v2\/property_features?post=63618"},{"taxonomy":"property_status","embeddable":true,"href":"https:\/\/www.muzi-berlin.de\/de\/wp-json\/wp\/v2\/property_status?post=63618"}],"curies":[{"name":"wp","href":"https:\/\/api.w.org\/{rel}","templated":true}]}}

Alanya-Kargıcak/ Möblierte Duplexvilla mit Panoramablick

<p>Diese voll möblierte Duplexvilla erstreckt sich über zwei Etagen und bietet einen 2+1 Grundriss. Sie verfügt über zwei moderne Badezimmer, eines davon en suite, sowie eine großzügige Terrasse mit Panoramablick auf das Meer und die Burg von Alanya. Der private Pool, ein gepflegter Garten und eine eigene Stellfläche ergänzen das Angebot. Die Villa ist hochwertig ausgestattet, lichtdurchflutet und nach Süden ausgerichtet. Sie ist schlüsselfertig und sofort bezugsbereit.</p>

<p>Diese voll möblierte Duplexvilla erstreckt sich über zwei Etagen und bietet einen 2+1 Grundriss. Sie verfügt über zwei moderne Badezimmer, eines davon en suite, sowie eine großzügige Terrasse mit Panoramablick auf das Meer und die Burg von Alanya. Der private Pool, ein gepflegter Garten und eine eigene Stellfläche ergänzen das Angebot. Die Villa ist hochwertig ausgestattet, lichtdurchflutet und nach Süden ausgerichtet. Sie ist schlüsselfertig &#8230;</p>

<!-- This site is optimized with the Yoast SEO plugin v21.1 - https://yoast.com/wordpress/plugins/seo/ -->
<title>Alanya-Kargıcak/ Möblierte Duplexvilla mit Panoramablick - Muzi Berlin Immobilien &amp; Finanzdienst e.K.</title>
<meta name="robots" content="index, follow, max-snippet:-1, max-image-preview:large, max-video-preview:-1" />
<link rel="canonical" href="https://www.muzi-berlin.de/de/immobilie/villa-in-alanya-kargicak-moeblierte-duplexvilla-mit-panoramablick/" />
<meta property="og:locale" content="de_DE" />
<meta property="og:type" content="article" />
<meta property="og:title" content="Alanya-Kargıcak/ Möblierte Duplexvilla mit Panoramablick - Muzi Berlin Immobilien &amp; Finanzdienst e.K." />
<meta property="og:description" content="Diese voll möblierte Duplexvilla erstreckt sich über zwei Etagen und bietet einen 2+1 Grundriss. Sie verfügt über zwei moderne Badezimmer, eines davon en suite, sowie eine großzügige Terrasse mit Panoramablick auf das Meer und die Burg von Alanya. Der private Pool, ein gepflegter Garten und eine eigene Stellfläche ergänzen das Angebot. Die Villa ist hochwertig ausgestattet, lichtdurchflutet und nach Süden ausgerichtet. Sie ist schlüsselfertig ..." />
<meta property="og:url" content="https://www.muzi-berlin.de/de/immobilie/villa-in-alanya-kargicak-moeblierte-duplexvilla-mit-panoramablick/" />
<meta property="og:site_name" content="Muzi Berlin Immobilien &amp; Finanzdienst e.K." />
<meta property="article:modified_time" content="2025-07-29T15:06:52+00:00" />
<meta property="og:image" content="https://www.muzi-berlin.de/wp-content/uploads/2025/07/IMG-20250618-WA0045.jpg" />
	<meta property="og:image:width" content="1020" />
	<meta property="og:image:height" content="681" />
	<meta property="og:image:type" content="image/jpeg" />
<meta name="twitter:card" content="summary_large_image" />
<script type="application/ld+json" class="yoast-schema-graph">{"@context":"https://schema.org","@graph":[{"@type":"WebPage","@id":"https://www.muzi-berlin.de/de/immobilie/villa-in-alanya-kargicak-moeblierte-duplexvilla-mit-panoramablick/","url":"https://www.muzi-berlin.de/de/immobilie/villa-in-alanya-kargicak-moeblierte-duplexvilla-mit-panoramablick/","name":"Alanya-Kargıcak/ Möblierte Duplexvilla mit Panoramablick - Muzi Berlin Immobilien &amp; Finanzdienst e.K.","isPartOf":{"@id":"https://www.muzi-berlin.de/de/#website"},"datePublished":"2025-07-28T14:11:21+00:00","dateModified":"2025-07-29T15:06:52+00:00","breadcrumb":{"@id":"https://www.muzi-berlin.de/de/immobilie/villa-in-alanya-kargicak-moeblierte-duplexvilla-mit-panoramablick/#breadcrumb"},"inLanguage":"de","potentialAction":[{"@type":"ReadAction","target":["https://www.muzi-berlin.de/de/immobilie/villa-in-alanya-kargicak-moeblierte-duplexvilla-mit-panoramablick/"]}]},{"@type":"BreadcrumbList","@id":"https://www.muzi-berlin.de/de/immobilie/villa-in-alanya-kargicak-moeblierte-duplexvilla-mit-panoramablick/#breadcrumb","itemListElement":[{"@type":"ListItem","position":1,"name":"Startseite","item":"https://www.muzi-berlin.de/de/"},{"@type":"ListItem","position":2,"name":"Eigenschaften","item":"https://www.muzi-berlin.de/de/immobilie/"},{"@type":"ListItem","position":3,"name":"Alanya-Kargıcak/ Möblierte Duplexvilla mit Panoramablick"}]},{"@type":"WebSite","@id":"https://www.muzi-berlin.de/de/#website","url":"https://www.muzi-berlin.de/de/","name":"Muzi - Berlin Immobilien & Finanzdienst e.K.","description":"","publisher":{"@id":"https://www.muzi-berlin.de/de/#organization"},"potentialAction":[{"@type":"SearchAction","target":{"@type":"EntryPoint","urlTemplate":"https://www.muzi-berlin.de/de/?s={search_term_string}"},"query-input":"required name=search_term_string"}],"inLanguage":"de"},{"@type":"Organization","@id":"https://www.muzi-berlin.de/de/#organization","name":"Muzi - Berlin Immobilien & Finanzdienst e.K.","url":"https://www.muzi-berlin.de/de/","logo":{"@type":"ImageObject","inLanguage":"de","@id":"https://www.muzi-berlin.de/de/#/schema/logo/image/","url":"https://www.muzi-berlin.de/wp-content/uploads/2023/08/465MBuberarbeitet-1-scaled.jpg","contentUrl":"https://www.muzi-berlin.de/wp-content/uploads/2023/08/465MBuberarbeitet-1-scaled.jpg","width":2560,"height":792,"caption":"Muzi - Berlin Immobilien & Finanzdienst e.K."},"image":{"@id":"https://www.muzi-berlin.de/de/#/schema/logo/image/"}}]}</script>
<!-- / Yoast SEO plugin. -->

Alanya-Kargıcak/ Möblierte Duplexvilla mit Panoramablick - Muzi Berlin Immobilien &amp; Finanzdienst e.K.

Diese voll möblierte Duplexvilla erstreckt sich über zwei Etagen und bietet einen 2+1 Grundriss. Sie verfügt über zwei moderne Badezimmer, eines davon en suite, sowie eine großzügige Terrasse mit Panoramablick auf das Meer und die Burg von Alanya. Der private Pool, ein gepflegter Garten und eine eigene Stellfläche ergänzen das Angebot. Die Villa ist hochwertig ausgestattet, lichtdurchflutet und nach Süden ausgerichtet. Sie ist schlüsselfertig ...
